 r(c) be the second derivative of c**3/6 + 15*c**2/2 + 6*c. Calculate r(0).
15
Let y be (2/(-4) - 0)*-2. Let b(g) be the second derivative of 7*g**3/6 - g**2/2 - 11*g. Calculate b(y).
6
Let x(u) = u**2 + 4*u + 4. Let v be x(-3). Let o be 6 + 1 + (4 - 4). Let p(f) = 0*f - 2 + 0 + o*f + 1. Calculate p(v).
6
Suppose -15 + 3 = 4*i. Let z be (4 + -2)*i/(-2). Let q(c) = -4*c - 2. Give q(z).
-14
Let g be 1/((-3 + 6)/(-9)). Let z(p) = -4*p**2 - 8*p + 6. Let q(x) = 9*x**2 + 17*x - 13. Let u(n) = 3*q(n) + 7*z(n). Determine u(g).
9
Suppose 0 = 5*v - 3*v - k + 1, 10 = 2*k. Suppose 2*a + 2*t = -2, 0 = -2*a + 7*a - 2*t - v. Suppose a*x - 3 = x. Let u(y) = y + 3. Calculate u(x).
0
Let x(j) = -13*j + 13. Let u(l) = 7*l - 7. Let q(z) = 11*u(z) + 6*x(z). Determine q(0).
1
Let k(h) = 2*h + 1. Let i be -27*(-4)/84 + (-4)/14. Give k(i).
3
Let u(k) be the second derivative of -7*k**5/20 + k**4/12 - k. Let i(d) = d**2 - 5*d + 5. Let m be i(2). Calculate u(m).
8
Let v(d) = 7*d**3 + 5*d**2 - 11*d + 6. Let l(y) = -4*y**3 - 3*y**2 + 6*y - 3. Let g(w) = -5*l(w) - 3*v(w). Give g(2).
-5
Let r(a) be the second derivative of -1/3*a**4 - 3/2*a**2 - 2/3*a**3 - 2*a + 0. Suppose -7*s = -14*s - 14. Calculate r(s).
-11
Let b(n) = -n**2 - 1. Suppose 2*z = 5*q - 18, 3*q - 3*z = -0*q + 18. Let s(x) = x**3 - 3*x**2 + 3*x - 2. Let k be s(q). Let w be k/(-1 + 0) - -1. Give b(w).
-2
Let w(x) = -2*x. Suppose 8 = -s + 5*g, 0*s - s - 6 = -4*g. Calculate w(s).
-4
Suppose 0*z + 2*y = z + 9, -4*z - 45 = y. Let s = z - -7. Let n(l) = l + 1. Let t(u) = 6*u + 9. Let m(i) = -4*n(i) + t(i). Give m(s).
-3
Let j(m) = -2 + 3*m - 4*m - 1 + 2*m. What is j(-3)?
-6
Suppose -5*d = 0, -3*k - 3*d = 23 - 2. Let l = k - -3. Let y = 4 + l. Let x(i) = -i**3 - i**2 - i + 6. Calculate x(y).
6
Let r(a) = -2*a**3 - 2*a**3 + 2*a + a - 2*a**2 + 3*a**3. Calculate r(-3).
0
Let d be 6 + -3 - (1 + 3). Let g(z) = -11*z**2 + 3*z**2 - 1 + 0*z - 4*z**2 - 2*z. What is g(d)?
-11
Let z(o) be the first derivative of o**4/4 + 2*o**3 + 7*o**2/2 + 6*o + 10. What is z(-5)?
-4
Let s(a) = -a**3 + 5*a**2 - 5*a + 2. Let g be 51/6 - (-1)/(-2). Suppose 0 = -3*u + 1 + 11. Let o = g - u. What is s(o)?
-2
Let f(n) = 186*n - n**3 - 85*n - 5*n**2 + 1 - 92*n. Calculate f(-6).
-17
Let q be (-9)/2*(-12)/9. Suppose -4*j = -10 - q. Let r(f) = -3*f - 2 + f**2 + 3*f - j*f + f. Determine r(4).
2
Suppose 4*w - 4*f = 12, 3*w + 2*f = 1 + 3. Let x(o) = 1 - 3*o + 3*o + w*o. Calculate x(-4).
-7
Let b(x) be the first derivative of -8*x**3/3 + x**2/2 + 210. Let z(o) = o**2 - o + 1. Let s be z(1). Calculate b(s).
-7
Let b(f) = 14*f + 4 + 1 + 1. Let g(w) = -w - 1. Let m(i) = -b(i) - 5*g(i). Determine m(1).
-10
Let c(n) = n**2 - 7*n - 1. Let t(l) = l**2 + 1. Let s(u) = -c(u) + 2*t(u). Determine s(-6).
-3
Let x(u) = 3*u**3 - 7*u**2 + 4*u. Let h(k) = -7*k**2 + 8*k + 6*k**2 - 1 + 7*k**3 - 14*k**2. Let g(t) = -2*h(t) + 5*x(t). What is g(4)?
2
Let i(w) = -2*w**2 - 4*w + 1. Let q = 21 + -24. Give i(q).
-5
Let q be 6/(-9)*(-6)/4. Let p(u) = -3*u + 5*u + 3*u - 3*u. Determine p(q).
2
Suppose 2*c + 2 = 5*u - c, -2*u - 24 = 5*c. Let r be 2/((u + 3)/1). Let y(m) = 4*m. What is y(r)?
8
Let h = -80 + 117. Let s(w) = -5*w + 38 - h + 0*w. What is s(-1)?
6
Let i = 3 - 3. Suppose 4*b + 2*m + i*m = 0, -m + 6 = -b. Let u(t) = t**2 + 0*t**2 - 2*t**3 - 4*t**2. Give u(b).
4
Let u(j) be the second derivative of -j**4/12 + j**3/6 + 9*j**2/2 + 4*j. What is u(0)?
9
Suppose h + h = 6. Let x(y) = -9*y**2 + y**3 - h + 14*y**2 + 3*y - y. What is x(-4)?
5
Let q(u) be the third derivative of -u**6/120 + u**5/60 + u**4/12 + u**3/6 + 8*u**2 + 2. What is q(-2)?
9
Suppose q + 4 = 3*q. Let l(w) be the first derivative of -w + 1/2*w**2 - 1/3*w**3 - 1. What is l(q)?
-3
Let h(t) be the third derivative of -t**4/24 + 2*t**3 - 14*t**2. Determine h(0).
12
Let a = 4 + 0. Suppose 0 = a*d - d + 3. Let p(q) = -125 + 124 - 2*q**2 + 4*q**3 - 2*q - 3*q**2 + 4*q**2. Give p(d).
-4
Suppose 0 = -3*m - 3, 2*v - 14 = -3*m + 5*m. Let p(b) = -3*b + 4. Let a(q) = 16*q - 19. Let s(f) = 2*a(f) + 11*p(f). Calculate s(v).
0
Let k(n) = n**2 - 3*n + 1. Suppose 0 = 2*o - 2*x - 12, -x - x = 10. Let c(r) = -3 + 4 - r**2 + o + 3*r**2 - 5*r. Let j(i) = -3*c(i) + 5*k(i). Calculate j(0).
-1
Suppose -2*l - 3 = -5. Let g(v) be the first derivative of -v**4/24 + v**3/3 - 3*v**2 + 2. Let z(p) be the second derivative of g(p). Calculate z(l).
1
Let f be (-10)/(-15) + (-20)/(-6). Suppose 0 = -3*i + 5*d - f, -i - 3*d = -10 + 2. Let o(a) = 5 - a**2 - i + 0*a**2. What is o(3)?
-6
Suppose 5*i - 40 = -5*t, 32*i + 5*t = 36*i - 14. Let r(l) = l + 1. Let j(d) = 4*d + 6. Let p(c) = j(c) - 5*r(c). What is p(i)?
-5
Let o = -5 + 5. Suppose -4*j - 5*c - 17 = 0, -c = 4*j - o*j - 3. Suppose -4*b = x - 6, 5*x - j*b = -9 - 5. Let m(y) = -y**2 - 2*y - 2. Calculate m(x).
-2
Let b(j) = j + 1. Let n(x) = -x - 7. Let k be n(-10). Suppose k = -2*i + 1. Let l = 1 + i. Calculate b(l).
1
Let o(g) be the second derivative of -g**4/12 + 2*g**3 - 5*g**2/2 + 5*g - 8. Give o(11).
6
Suppose 3*v - 6 = 5*v. Let w(i) = 2*i**3 + 5*i**2 + i - 2. Give w(v).
-14
Let v(r) = 2 - 1 + 2*r + 0. Determine v(3).
7
Let o(y) = 13*y + 4. Let t(p) = 105*p + 33. Let g(u) = 33*o(u) - 4*t(u). Suppose 2*i - 12 = 5*c, 5*i = 4*c - 9 + 22. Calculate g(i).
9
Let s(m) = -m**2 - m + 6. Let c(y) = y + 7. Let i be c(-7). What is s(i)?
6
Suppose -p - 4 = 1. Let s(n) = -n + 2. Give s(p).
7
Let o(u) = 4*u - 3. Suppose 5*b - 3*b - 8 = 0. Let y = -1 + b. Suppose -s = -0*t - y*t + 5, -13 = t - 4*s. Determine o(t).
9
Let m(q) = -q. Let k be m(1). Let n(f) = -f**3 - f**2 + f. Let y(t) = 3*t**2 + 4*t + 6. Let h(i) = k*y(i) + n(i). Calculate h(-4).
6
Let w(k) = 4*k**3 - 8*k**2 - 6*k + 7. Let f(y) = 9*y**3 - 15*y**2 - 11*y + 13. Let t(j) = -6*f(j) + 11*w(j). Give t(-1).
11
Suppose -17 = 3*w + 4*j, -w - 6*j + j = 13. Suppose -2*y - 4 = -2*g, 3*y + 2 = -4*g + 10. Let b(a) = 0 + y - 9*a + 7*a. Determine b(w).
6
Let m(u) = u - 6. Let p be m(9). Suppose p*f + 4 = -2. Let n(l) be the first derivative of 2*l**2 + 3*l + 43. Give n(f).
-5
Let l(p) = 10 + 0*p**2 - 11 - p**2. Let m be (-6)/10*10/(-2). Let v(h) = 1. Let g(q) = m*v(q) + 2*l(q). Calculate g(-2).
-7
Suppose 4*c + 2*y = 4 - 2, 0 = -4*c - 5*y - 1. Suppose 3*j - 8*j = 0. Let f(n) = -1 + n + 4*n**3 + 0*n**3 + j*n**2 + n**2 + 0*n**3. What is f(c)?
5
Let j(v) be the second derivative of -v**4/12 - 7*v**3/6 - 3*v**2/2 + 8*v. What is j(-6)?
3
Let m(z) = 94 + 94 + z - 190 + 0*z. What is m(0)?
-2
Suppose 4*c = 8*c. Let a(s) = c + 6 - s + 2*s. Let u be (-4)/(-18) + 2/(-9). Give a(u).
6
Let s(n) = -n**3 + 5*n**2 + 5*n. Let b(a) = -a**3 + 4*a**2 + 5*a + 2. Let r be b(5). Suppose r*g - 10 = i - 0, 3*g = i + 16. Determine s(g).
-6
Suppose l - 10 = -5, -13 = -v - 2*l. Suppose -3*g + 15 = 2*y, 0*y - 3*y = -2*g - v. Let b(q) = 2 + 2 - 3*q**2 - 4*q**3 + 2*q**3 + q + 3*q**g. What is b(3)?
7
Let q = 11 + 9. Suppose 4*c - 4*w - q = 0, c + 3*w - 1 - 4 = 0. Let u(s) = 2*s - 7. Calculate u(c).
3
Suppose 2*t + 3 = i, 0 = -0*i + i + 3*t - 8. Let o(x) = -4*x**2 - 2 + x**3 + 4*x + 4 + 2 - 10*x. Determine o(i).
-1
Let s(j) = -j**2 + 2*j**2 + 5*j + 3 + 0*j. Suppose 0 = -5*v - 2 + 7. Suppose n - 5*g = -v - 7, n + 5*g = 2. Calculate s(n).
-3
Let m(d) = 16*d + 4. Let n(s) = -16*s - 3. Let t(p) = -3*m(p) - 4*n(p). What is t(-1)?
-16
Let v(q) be the third derivative of -1/8*q**4 + 0*q + 1/2*q**3 - 1/120*q**6 + 0 + 6*q**2 + 1/20*q**5. Suppose -t = 3*t - 8. Give v(t).
1
Let i(l) = -3*l**2 + l + 1. Let t be (-14)/(-10) - (-9)/15. What is i(t)?
-9
Let v(b) = 7*b + 11. Let t(w) = 4*w + 6. Let h(s) = 11*t(s) - 6*v(s). Let f be (3 - 0 - 2) + 2. What is h(f)?
6
Let u(i) be the second derivative of -i**4/12 + 7*i**3/6 - 3*i**2 + 4*i. Let s be ((-8)/(-6))/((-2)/6). Let k(a) = -a**3 - 4*a**2 - a. Let v be k(s). Give u(v).
6
Let k be (-25)/(-5) + -1 + 0. Suppose i = 2 + k. Let x(c) = 0 + c - 2 + 0. What is x(i)?
4
Let r be (4/(-2) + 0)/((-16)/24). Let v(z) = -3*z - 3. Determine v(r).
-12
Let q(l) = l - 4. Let t be (12/9)/(-4)*-3. Suppose -2*j = 1 + t. Let r = -2 + j. What is q(r)?
-7
Let y(c) = 2*c - 4. Let m = -30 - -33. Determine y(m).
2
Let u(o) be the third derivative of o**6/120 + o**5/15 - o**4/12 + 5*o**3/6 + 4*o**2. Let x = -77 - -72. Calculate u(x).
-10
Let j(r) = -r + 2. Let v(l) = -2*l**2 + 